he remainder when 110295844 is divided by 73?
71
Calculate the remainder when 455186 is divided by 9288.
74
Calculate the remainder when 2597370 is divided by 519371.
515
Calculate the remainder when 353812 is divided by 9860.
8712
What is the remainder when 24156 is divided by 2159?
407
What is the remainder when 1365249 is divided by 226?
209
What is the remainder when 5934 is divided by 907?
492
What is the remainder when 2901448 is divided by 40?
8
What is the remainder when 43187 is divided by 1961?
45
Calculate the remainder when 1577398 is divided by 357.
172
Calculate the remainder when 41507 is divided by 1884.
59
Calculate the remainder when 4997650 is divided by 112.
98
What is the remainder when 6678102 is divided by 2226027?
21
What is the remainder when 2943072 is divided by 470?
402
Calculate the remainder when 149374348 is divided by 7738.
7734
What is the remainder when 1815725 is divided by 259368?
149
Calculate the remainder when 497747 is divided by 124332.
419
Calculate the remainder when 110625 is divided by 113.
111
What is the remainder when 233320 is divided by 16639?
374
Calculate the remainder when 61914418 is divided by 69645.
13
What is the remainder when 58560244 is divided by 4880019?
16
Calculate the remainder when 9103949 is divided by 3776.
13
What is the remainder when 29113824 is divided by 26?
12
Calculate the remainder when 661813 is divided by 1408.
53
Calculate the remainder when 705194 is divided by 705194.
0
Calculate the remainder when 3310196 is divided by 1411.
1401
Calculate the remainder when 3009202 is divided by 20.
2
Calculate the remainder when 2315600 is divided by 385926.
44
What is the remainder when 301193 is divided by 448?
137
Calculate the remainder when 2201186 is divided by 644.
638
Calculate the remainder when 580589 is divided by 226.
221
What is the remainder when 1297473 is divided by 15085?
163
What is the remainder when 474475 is divided by 236?
115
What is the remainder when 25297 is divided by 2594?
1951
Calculate the remainder when 246532644 is divided by 61633159.
8
What is the remainder when 36128925 is divided by 2698?
7
What is the remainder when 908830 is divided by 1946?
48
What is the remainder when 949271 is divided by 117?
50
What is the remainder when 1457277 is divided by 276?
273
What is the remainder when 742252 is divided by 2921?
318
What is the remainder when 76340 is divided by 38159?
22
Calculate the remainder when 1006961 is divided by 9153.
131
Calculate the remainder when 18538435 is divided by 20.
15
Calculate the remainder when 806873 is divided by 403380.
113
Calculate the remainder when 40014 is divided by 6612.
342
What is the remainder when 544826 is divided by 2056?
2042
What is the remainder when 843198 is divided by 56190?
348
What is the remainder when 109601629 is divided by 224?
221
Calculate the remainder when 3958572 is divided by 117.
111
What is the remainder when 8404874 is divided by 21?
2
Calculate the remainder when 7756 is divided by 3862.
32
Calculate the remainder when 14029570 is divided by 3507382.
42
What is the remainder when 7981315 is divided by 1135?
1130
Calculate the remainder when 13892439 is divided by 195668.
11
Calculate the remainder when 81377122 is divided by 2116.
2110
What is the remainder when 540930 is divided by 116?
22
Calculate the remainder when 110575013 is divided by 262.
9
Calculate the remainder when 106225 is divided by 25602.
3817
What is the remainder when 259999 is divided by 51986?
69
What is the remainder when 1694047 is divided by 364?
355
What is the remainder when 1633066 is divided by 21?
1
What is the remainder when 6726814 is divided by 481?
29
Calculate the remainder when 4095900 is divided by 38.
32
What is the remainder when 34377 is divided by 1362?
327
What is the remainder when 39183 is divided by 1942?
343
What is the remainder when 3050939 is divided by 50015?
24
What is the remainder when 3455838 is divided by 344?
14
Calculate the remainder when 285426 is divided by 40013.
5335
What is the remainder when 169522629 is divided by 2511?
2508
Calculate the remainder when 608143 is divided by 5630.
103
Calculate the remainder when 1004981 is divided by 1249.
785
What is the remainder when 135323 is divided by 1757?
34
Calculate the remainder when 7357885 is divided by 32.
29
What is the remainder when 29484849 is divided by 11?
9
Calculate the remainder when 65064 is divided by 423.
345
What is the remainder when 186037 is divided by 13971?
4414
What is the remainder when 475021 is divided by 1377?
1333
What is the remainder when 398892 is divided by 7671?
0
What is the remainder when 11368412 is divided by 4122?
4058
What is the remainder when 11648962 is divided by 249?
244
What is the remainder when 912459 is divided by 91245?
9
What is the remainder when 1746251 is divided by 436552?
43
What is the remainder when 41203 is divided by 5063?
699
Calculate the remainder when 12424 is divided by 12356.
68
What is the remainder when 69493 is divided by 34742?
9
Calculate the remainder when 128862750 is divided by 16.
14
Calculate the remainder when 24351849 is divided by 14.
11
Calculate the remainder when 1127763 is divided by 12.
3
What is the remainder when 163739 is divided by 40017?
3671
Calculate the remainder when 13222465 is divided by 28.
25
Calculate the remainder when 642144 is divided by 148.
120
What is the remainder when 1874104 is divided by 624539?
487
Calculate the remainder when 39581774 is divided by 63.
8
Calculate the remainder when 107290 is divided by 107170.
120
What is the remainder when 3696782 is divided by 673?
666
What is the remainder when 55829194 is divided by 39?
31
Calculate the remainder when 2343415 is divided by 2944.
2935
Calculate the remainder when 38778 is divided by 3521.
47
What is the remainder when 479764 is divided by 15991?
34
Calculate the remainder when 133822 is divided by 33040.
1662
What is the remainder when 60554 is divided by 51?
17
What is the remainder when 1793710 is divided by 1762?
1756
Calculate the remainder when 19504242 is divided by 135.
117
Calculate the remainder when 540604 is divided by 135075.
304
What is the remainder when 50612669 is divided by 30?
29
What is the remainder when 3137220 is divided by 3341?
21
Calculate the remainder when 137807 is divided by 45713.
668
Calculate the remainder when 3677801 is divided by 8416.
9
Calculate the remainder when 814661503 is divided by 2499.
2497
What is the remainder when 244212 is divided by 81394?
30
What is the remainder when 76643 is divided by 8507?
80
What is the remainder when 105008331 is divided by 10?
1
Calculate the remainder when 35655730 is divided by 714.
712
What is the remainder when 3257003 is divided by 1085664?
11
Calculate the remainder when 715108 is divided by 591.
589
What is the remainder when 114455 is divided by 962?
939
Calculate the remainder when 561007 is divided by 1466.
995
Calculate the remainder when 544241 is divided by 4120.
401
What is the remainder when 770278 is divided by 14241?
1264
Calculate the remainder when 8833892 is divided by 1476.
32
What is the remainder when 238383 is divided by 1995?
978
Calculate the remainder when 663103 is divided by 82884.
31
What is the remainder when 37066964 is divided by 5629?
5628
What is the remainder when 4371660 is divided by 149?
0
Calculate the remainder when 145372 is divided by 161.
150
What is the remainder when 4981669 is divided by 118611?
7
What is the remainder when 99660 is divided by 506?
484
Calculate the remainder when 1358176 is divided by 339544.
0
Calculate the remainder when 3152957 is divided by 857.
54
Calculate the remainder when 28646048 is divided by 65.
28
Calculate the remainder when 96174 is divided by 7149.
3237
Calculate the remainder when 102729 is divided by 101212.
1517
What is the remainder when 233127 is divided by 4397?
86
What is the remainder when 787275 is divided by 15434?
141
What is the remainder when 1284080 is divided by 427851?
527
What is the remainder when 5464 is divided by 1001?
459
Calculate the remainder when 9213691 is divided by 188.
187
Calculate the remainder when 276929 is divided by 39551.
72
What is the remainder when 190864 is divided by